{"id":181,"date":"2017-12-14T06:19:45","date_gmt":"2017-12-14T06:19:45","guid":{"rendered":"https:\/\/careerfy.net\/jobsonline\/\/?page_id=522"},"modified":"2025-09-24T00:23:29","modified_gmt":"2025-09-24T03:23:29","slug":"about-us","status":"publish","type":"page","link":"https:\/\/simpe.mombaca.ce.gov.br\/?page_id=181","title":{"rendered":"Sobre o Programa"},"content":{"rendered":"<div class=\"wpb-content-wrapper\"><p>[vc_row full_width=&#8221;stretch_row_content&#8221; careerfy_overlay_color=&#8221;#17C642&#8243; css=&#8221;.vc_custom_1758683624117{border-bottom-width: 50px !important;padding-top: 30px !important;background-color: #176C42 !important;}&#8221;][vc_column][vc_single_image image=&#8221;1572&#8243; img_size=&#8221;full&#8221; css=&#8221;&#8221;][\/vc_column][\/vc_row][vc_row full_width=&#8221;stretch_row_content&#8221; css=&#8221;.vc_custom_1758681895448{border-bottom-width: 50px !important;padding-top: 30px !important;}&#8221;][vc_column][vc_custom_heading text=&#8221;Sobre o Programa&#8221; font_container=&#8221;tag:h1|text_align:left|color:%23000000&#8243; use_theme_fonts=&#8221;yes&#8221; css=&#8221;&#8221;][vc_custom_heading text=&#8221;SIMPE\u2013 Sistema Municipal de Promo\u00e7\u00e3o ao Emprego&#8221; font_container=&#8221;tag:h4|text_align:left|color:%23000000&#8243; use_theme_fonts=&#8221;yes&#8221; css=&#8221;&#8221;][vc_custom_heading text=&#8221;O SIMPE \u00e9 uma iniciativa da Secretaria de Desenvolvimento Social de Momba\u00e7a (CE), criada com o prop\u00f3sito de ampliar o acesso da popula\u00e7\u00e3o ao mercado de trabalho, apoiar a inclus\u00e3o produtiva e valorizar a m\u00e3o de obra local.<\/p>\n<p>O sistema foi desenvolvido para ser um elo entre trabalhadores e empregadores, oferecendo mais agilidade, organiza\u00e7\u00e3o e transpar\u00eancia no processo de contrata\u00e7\u00e3o. No SIMPE, o cidad\u00e3o pode cadastrar seu curr\u00edculo digital, acompanhar sele\u00e7\u00f5es em aberto e receber informa\u00e7\u00f5es sobre novas vagas. J\u00e1 as empresas encontram uma ferramenta pr\u00e1tica para divulgar oportunidades, selecionar candidatos e fortalecer o mercado local.<\/p>\n<p>Al\u00e9m da intermedia\u00e7\u00e3o de empregos, o SIMPE por meio da Sala do Empreendedor re\u00fane servi\u00e7os de apoio \u00e0 popula\u00e7\u00e3o, como orienta\u00e7\u00f5es sobre emiss\u00e3o de documentos, formaliza\u00e7\u00e3o de MEI, consulta ao CPF, conte\u00fados educativos e informa\u00e7\u00f5es que fortalecem o empreendedorismo e a cidadania.<\/p>\n<p>Com esse projeto, o Governo Municipal de Momba\u00e7a reafirma seu compromisso em gerar emprego, renda e inclus\u00e3o social, investindo no futuro da cidade e na valoriza\u00e7\u00e3o do seu povo.<\/p>\n<p>#Momba\u00e7aTerradeOportunidades&#8221; font_container=&#8221;tag:div|font_size:18|text_align:left|color:%23000000|line_height:1.5&#8243; use_theme_fonts=&#8221;yes&#8221; css=&#8221;&#8221;][\/vc_column][\/vc_row][vc_row full_width=&#8221;stretch_row_content_no_spaces&#8221; content_placement=&#8221;middle&#8221; careerfy_overlay_color=&#8221;#00000000&#8243; css=&#8221;.vc_custom_1746197064773{background-color: #FFFFFF !important;}&#8221;][vc_column width=&#8221;1\/2&#8243;][vc_single_image image=&#8221;1578&#8243; img_size=&#8221;full&#8221; alignment=&#8221;center&#8221; css=&#8221;&#8221;][\/vc_column][vc_column width=&#8221;1\/2&#8243;][vc_single_image image=&#8221;1575&#8243; img_size=&#8221;full&#8221; alignment=&#8221;center&#8221; css=&#8221;&#8221;][\/vc_column][\/vc_row][vc_row content_placement=&#8221;bottom&#8221; css=&#8221;.vc_custom_1746196424106{padding-top: 30px !important;}&#8221;][vc_column width=&#8221;1\/3&#8243;]        <div class=\"row\">\r\n            <div class=\"col-md-12 careerfy-typo-wrap\">\r\n                <div class=\"careerfy-about-text\">\r\n                                            <h2 >Vis\u00e3o<\/h2>\r\n                                            <p >Ser refer\u00eancia em inclus\u00e3o produtiva e intermedia\u00e7\u00e3o de m\u00e3o de obra no munic\u00edpio de Momba\u00e7a, promovendo oportunidades de emprego e fortalecendo o desenvolvimento social e econ\u00f4mico local.<\/p>\r\n                                    <\/div>\r\n            <\/div>\r\n                    <\/div>\r\n        [\/vc_column][vc_column width=&#8221;1\/3&#8243;]        <div class=\"row\">\r\n            <div class=\"col-md-12 careerfy-typo-wrap\">\r\n                <div class=\"careerfy-about-text\">\r\n                                            <h2 >VALORES<\/h2>\r\n                                            <p >\u2713Transpar\u00eancia \u2013 garantir processos claros e acess\u00edveis para trabalhadores e empregadores.<\/p>\n<p>\u2713Valoriza\u00e7\u00e3o da M\u00e3o de Obra Local \u2013 reconhecer e fortalecer o potencial dos cidad\u00e3os de Momba\u00e7a.<\/p>\n<p>\u2713Inova\u00e7\u00e3o Social \u2013 utilizar ferramentas modernas para aproximar oportunidades e talentos.<\/p>\n<p>\u2713Equidade e Inclus\u00e3o \u2013 assegurar que todos tenham acesso \u00e0s mesmas oportunidades.<\/p>\n<p>\u2713Compromisso com a Cidadania \u2013 oferecer servi\u00e7os que promovam dignidade, empreendedorismo e crescimento coletivo.<\/p>\r\n                                    <\/div>\r\n            <\/div>\r\n                    <\/div>\r\n        [\/vc_column][vc_column width=&#8221;1\/3&#8243;]        <div class=\"row\">\r\n            <div class=\"col-md-12 careerfy-typo-wrap\">\r\n                <div class=\"careerfy-about-text\">\r\n                                            <h2 >Compromisso<\/h2>\r\n                                            <p >O SIMPE reafirma seu compromisso em ser um elo de confian\u00e7a entre a popula\u00e7\u00e3o e o mercado de trabalho, contribuindo para a gera\u00e7\u00e3o de emprego e renda, o fortalecimento do empreendedorismo e a constru\u00e7\u00e3o de uma Momba\u00e7a mais justa, pr\u00f3spera, inclusiva e de oportunidade\u00a0para\u00a0todos.<\/p>\r\n                                    <\/div>\r\n            <\/div>\r\n                    <\/div>\r\n        [\/vc_column][\/vc_row][vc_row][vc_column]        <div class=\"careerfy-fancy-title careerfy-fancy-title-six\">\r\n                \r\n        <h2>O QUE OFERECEMOS<\/h2>\r\n                <\/div>\r\n\r\n        [\/vc_column][\/vc_row][vc_row css=&#8221;.vc_custom_1758683565184{background-color: #176C42 !important;}&#8221;][vc_column parallax=&#8221;content-moving&#8221; parallax_speed_bg=&#8221;1.0&#8243;][vc_custom_heading text=&#8221;1. Para Trabalhadores&#8221; font_container=&#8221;tag:h5|text_align:left|color:%23FFFFFF&#8221; use_theme_fonts=&#8221;yes&#8221; css=&#8221;&#8221;][vc_custom_heading text=&#8221;\u2713Cadastro de curr\u00edculo digital de forma simples e acess\u00edvel.<br \/>\u2713Acompanhamento em tempo real das vagas e sele\u00e7\u00f5es abertas.<br \/>\u2713Recebimento de informa\u00e7\u00f5es atualizadas sobre novas oportunidades.<br \/>\u2713Acesso a servi\u00e7os de apoio da Sala do Empreendedor, como emiss\u00e3o de documentos, formaliza\u00e7\u00e3o de MEI, consulta ao CPF e conte\u00fados educativos.&#8221; font_container=&#8221;tag:p|font_size:20|text_align:left|color:%23FFFFFF|line_height:1.5&#8243; use_theme_fonts=&#8221;yes&#8221; css=&#8221;&#8221;][vc_custom_heading text=&#8221;2. Para Empregadores&#8221; font_container=&#8221;tag:h5|text_align:left|color:%23FFFFFF&#8221; use_theme_fonts=&#8221;yes&#8221; css=&#8221;&#8221;][vc_custom_heading text=&#8221;\u2713Ferramenta pr\u00e1tica para divulga\u00e7\u00e3o de vagas e oportunidades.<br \/>\u2713Maior alcance na sele\u00e7\u00e3o de candidatos qualificados.<br \/>\u2713Agilidade, organiza\u00e7\u00e3o e transpar\u00eancia nos processos de recrutamento.<br \/>\u2713Fortalecimento da economia local por meio da valoriza\u00e7\u00e3o da m\u00e3o de obra de Momba\u00e7a.&#8221; font_container=&#8221;tag:p|font_size:20|text_align:left|color:%23FFFFFF|line_height:1.5&#8243; use_theme_fonts=&#8221;yes&#8221; css=&#8221;&#8221;][vc_custom_heading text=&#8221;3. Motivos para usar o SIMPE:&#8221; font_container=&#8221;tag:h5|text_align:left|color:%23FFFFFF&#8221; use_theme_fonts=&#8221;yes&#8221; css=&#8221;&#8221;][vc_custom_heading text=&#8221;\u2713\u00c9 gratuito, acess\u00edvel e confi\u00e1vel.<br \/>\u2713Aproxima trabalhadores e empresas de forma r\u00e1pida e eficiente.<br \/>\u2713Promove inclus\u00e3o social e produtiva.<br \/>\u2713Gera impactos positivos para o desenvolvimento\u00a0de\u00a0Momba\u00e7a.&#8221; font_container=&#8221;tag:p|font_size:20|text_align:left|color:%23FFFFFF|line_height:1.5&#8243; use_theme_fonts=&#8221;yes&#8221; css=&#8221;&#8221;][\/vc_column][\/vc_row]<\/p>\n<\/div>","protected":false},"excerpt":{"rendered":"<p>[vc_row full_width=&#8221;stretch_row_content&#8221; careerfy_overlay_color=&#8221;#17C642&#8243; css=&#8221;.vc_custom_1758683624117{border-bottom-width: 50px !important;padding-top: 30px !important;background-color: #176C42 !important;}&#8221;][vc_column][vc_single_image image=&#8221;1572&#8243; img_size=&#8221;full&#8221; css=&#8221;&#8221;][\/vc_column][\/vc_row][vc_row full_width=&#8221;stretch_row_content&#8221; css=&#8221;.vc_custom_1758681895448{border-bottom-width: 50px !important;padding-top: 30px !important;}&#8221;][vc_column][vc_custom_heading text=&#8221;Sobre o Programa&#8221; font_container=&#8221;tag:h1|text_align:left|color:%23000000&#8243; use_theme_fonts=&#8221;yes&#8221; css=&#8221;&#8221;][vc_custom_heading text=&#8221;SIMPE\u2013 Sistema Municipal de Promo\u00e7\u00e3o ao Emprego&#8221; font_container=&#8221;tag:h4|text_align:left|color:%23000000&#8243; use_theme_fonts=&#8221;yes&#8221; css=&#8221;&#8221;][vc_custom_heading text=&#8221;O SIMPE \u00e9 uma iniciativa da Secretaria de Desenvolvimento Social de Momba\u00e7a (CE), criada com o prop\u00f3sito de ampliar o&#8230;<\/p>\n","protected":false},"author":1,"featured_media":0,"parent":0,"menu_order":0,"comment_status":"closed","ping_status":"closed","template":"","meta":{"footnotes":""},"class_list":["post-181","page","type-page","status-publish","hentry"],"_links":{"self":[{"href":"https:\/\/simpe.mombaca.ce.gov.br\/index.php?rest_route=\/wp\/v2\/pages\/181","targetHints":{"allow":["GET"]}}],"collection":[{"href":"https:\/\/simpe.mombaca.ce.gov.br\/index.php?rest_route=\/wp\/v2\/pages"}],"about":[{"href":"https:\/\/simpe.mombaca.ce.gov.br\/index.php?rest_route=\/wp\/v2\/types\/page"}],"author":[{"embeddable":true,"href":"https:\/\/simpe.mombaca.ce.gov.br\/index.php?rest_route=\/wp\/v2\/users\/1"}],"replies":[{"embeddable":true,"href":"https:\/\/simpe.mombaca.ce.gov.br\/index.php?rest_route=%2Fwp%2Fv2%2Fcomments&post=181"}],"version-history":[{"count":12,"href":"https:\/\/simpe.mombaca.ce.gov.br\/index.php?rest_route=\/wp\/v2\/pages\/181\/revisions"}],"predecessor-version":[{"id":1579,"href":"https:\/\/simpe.mombaca.ce.gov.br\/index.php?rest_route=\/wp\/v2\/pages\/181\/revisions\/1579"}],"wp:attachment":[{"href":"https:\/\/simpe.mombaca.ce.gov.br\/index.php?rest_route=%2Fwp%2Fv2%2Fmedia&parent=181"}],"curies":[{"name":"wp","href":"https:\/\/api.w.org\/{rel}","templated":true}]}}