{"id":175,"date":"2017-12-15T06:57:54","date_gmt":"2017-12-15T06:57:54","guid":{"rendered":"https:\/\/careerfy.net\/jobsonline\/\/?page_id=582"},"modified":"2025-09-24T00:27:43","modified_gmt":"2025-09-24T03:27:43","slug":"contact-us","status":"publish","type":"page","link":"https:\/\/simpe.mombaca.ce.gov.br\/?page_id=175","title":{"rendered":"Contato"},"content":{"rendered":"<div class=\"wpb-content-wrapper\"><p>[vc_row][vc_column][vc_separator color=&#8221;white&#8221; css=&#8221;&#8221;][\/vc_column][\/vc_row][vc_row careerfy_container=&#8221;wide&#8221;][vc_column][vc_goo_maps location=&#8221;Rua Jos\u00e9 Frutuoso S\u00e1 Benevides,\u00a0241,\u00a0Centro, Momba\u00e7a &#8211; CE&#8221; height=&#8221;420&#8243; zoom=&#8221;15&#8243; css=&#8221;&#8221; style=&#8221;&#8220;border:0&#8220;&#8221; src=&#8221;&#8220;https:\/\/www.google.com\/maps\/embed?pb=!1m18!1m12!1m3!1d289.70373563629016!2d-39.41847721968371!3d-5.805117751057976!2m3!1f0!2f0!3f0!3m2!1i1024!2i768!4f13.1!3m3!1m2!1s0x7bd230008011011%3A0x3b5d901119738e26!2sSecretaria%20do%20Desenvolvimento%20Econ%C3%B4mico%2C%20Trabalho%20e%20Turismo!5e0!3m2!1spt-BR!2sbr!4v1741260346852!5m2!1spt-BR!2sbr&#8220;&#8221; width=&#8221;&#8220;600&#8220;&#8221; frameborder=&#8221;&#8220;0&#8220;&#8221;][\/vc_column][\/vc_row][vc_row][vc_column][vc_separator color=&#8221;white&#8221; css=&#8221;&#8221;][\/vc_column][\/vc_row][vc_row][vc_column css=&#8221;.vc_custom_1513342549016{margin-top: -105px !important;}&#8221;]    <div class=\"careerfy-contact-info-sec\">\r\n                    <h2>Informa\u00e7\u00f5es de Contato<\/h2>\r\n                    <ul class=\"careerfy-contact-info-list\">\r\n                            <li><i class=\"careerfy-icon careerfy-map-marker\"><\/i> Secretaria de Desenvolvimento Social (SDS) Sala do Empreendedor - Rua Jos\u00e9 Frutuoso S\u00e1 Benevides, 241, Centro, Momba\u00e7a -CE.<\/li>\r\n                                <li><i class=\"careerfy-icon careerfy-envelope\"><\/i> <a\r\n                            href=\"mailto:saladoempreendedormombaca@gmail.com\">Email: saladoempreendedormombaca@gmail.com<\/a>\r\n                <\/li>\r\n                                <li>\r\n                    <i class=\"careerfy-icon careerfy-technology\"><\/i> Chamar:\n(88) 9.8858-5740                <\/li>\r\n                        <\/ul>\r\n                    <div class=\"careerfy-contact-media\">\r\n                            <\/div>\r\n            <\/div>\r\n    <div class=\"careerfy-contact-form\">\r\n                    <h2>Fale conosco<\/h2>\r\n                        <form autocomplete=\"off\" id=\"ct-form-13409657\"\r\n                  data-ajax-url=\"https:\/\/simpe.mombaca.ce.gov.br\/wp-admin\/admin-ajax.php\" method=\"post\">\r\n                <ul>\r\n                    <li>\r\n                        <input type=\"text\" name=\"u_name\"\r\n                               placeholder=\"Digite seu nome\">\r\n                        <i class=\"careerfy-icon careerfy-user\"><\/i>\r\n                    <\/li>\r\n                    <li>\r\n                        <input placeholder=\"Subject\" type=\"text\"\r\n                               name=\"u_subject\">\r\n                        <i class=\"careerfy-icon careerfy-user\"><\/i>\r\n                    <\/li>\r\n                    <li>\r\n                        <input placeholder=\"Digite seu endere\u00e7o de e-mail\n\"\r\n                               type=\"text\" name=\"u_email\">\r\n                        <i class=\"careerfy-icon careerfy-mail\"><\/i>\r\n                    <\/li>\r\n                    <li>\r\n                        <input placeholder=\"Digite seu n\u00famero de telefone\n\"\r\n                               type=\"text\" name=\"u_number\">\r\n                        <i class=\"careerfy-icon careerfy-technology\"><\/i>\r\n                    <\/li>\r\n                    <li class=\"careerfy-contact-form-full\">\r\n                        <textarea name=\"u_msg\"\r\n                                  placeholder=\"Digite sua mensagem\n\"><\/textarea>\r\n                    <\/li>\r\n                    <li>\r\n                        <input type=\"submit\" class=\"careerfy-ct-form\" data-id=\"13409657\"\r\n                               value=\"Enviar\">\r\n                        <span class=\"careerfy-bt-msg careerfy-ct-msg\"><\/span>\r\n                        <input type=\"hidden\" name=\"u_type\" value=\"content\"\/>\r\n                    <\/li>\r\n                <\/ul>\r\n            <\/form>\r\n                <\/div>\r\n    [\/vc_column][\/vc_row]<\/p>\n<\/div>","protected":false},"excerpt":{"rendered":"<p>[vc_row][vc_column][vc_separator color=&#8221;white&#8221; css=&#8221;&#8221;][\/vc_column][\/vc_row][vc_row careerfy_container=&#8221;wide&#8221;][vc_column][vc_goo_maps location=&#8221;Rua Jos\u00e9 Frutuoso S\u00e1 Benevides,\u00a0241,\u00a0Centro, Momba\u00e7a &#8211; CE&#8221; height=&#8221;420&#8243; zoom=&#8221;15&#8243; css=&#8221;&#8221; style=&#8221;&#8220;border:0&#8220;&#8221; src=&#8221;&#8220;https:\/\/www.google.com\/maps\/embed?pb=!1m18!1m12!1m3!1d289.70373563629016!2d-39.41847721968371!3d-5.805117751057976!2m3!1f0!2f0!3f0!3m2!1i1024!2i768!4f13.1!3m3!1m2!1s0x7bd230008011011%3A0x3b5d901119738e26!2sSecretaria%20do%20Desenvolvimento%20Econ%C3%B4mico%2C%20Trabalho%20e%20Turismo!5e0!3m2!1spt-BR!2sbr!4v1741260346852!5m2!1spt-BR!2sbr&#8220;&#8221; width=&#8221;&#8220;600&#8220;&#8221; frameborder=&#8221;&#8220;0&#8220;&#8221;][\/vc_column][\/vc_row][vc_row][vc_column][vc_separator color=&#8221;white&#8221; css=&#8221;&#8221;][\/vc_column][\/vc_row][vc_row][vc_column css=&#8221;.vc_custom_1513342549016{margin-top: -105px !important;}&#8221;][\/vc_column][\/vc_row]<\/p>\n","protected":false},"author":1,"featured_media":0,"parent":0,"menu_order":0,"comment_status":"closed","ping_status":"closed","template":"","meta":{"footnotes":""},"class_list":["post-175","page","type-page","status-publish","hentry"],"_links":{"self":[{"href":"https:\/\/simpe.mombaca.ce.gov.br\/index.php?rest_route=\/wp\/v2\/pages\/175","targetHints":{"allow":["GET"]}}],"collection":[{"href":"https:\/\/simpe.mombaca.ce.gov.br\/index.php?rest_route=\/wp\/v2\/pages"}],"about":[{"href":"https:\/\/simpe.mombaca.ce.gov.br\/index.php?rest_route=\/wp\/v2\/types\/page"}],"author":[{"embeddable":true,"href":"https:\/\/simpe.mombaca.ce.gov.br\/index.php?rest_route=\/wp\/v2\/users\/1"}],"replies":[{"embeddable":true,"href":"https:\/\/simpe.mombaca.ce.gov.br\/index.php?rest_route=%2Fwp%2Fv2%2Fcomments&post=175"}],"version-history":[{"count":8,"href":"https:\/\/simpe.mombaca.ce.gov.br\/index.php?rest_route=\/wp\/v2\/pages\/175\/revisions"}],"predecessor-version":[{"id":1580,"href":"https:\/\/simpe.mombaca.ce.gov.br\/index.php?rest_route=\/wp\/v2\/pages\/175\/revisions\/1580"}],"wp:attachment":[{"href":"https:\/\/simpe.mombaca.ce.gov.br\/index.php?rest_route=%2Fwp%2Fv2%2Fmedia&parent=175"}],"curies":[{"name":"wp","href":"https:\/\/api.w.org\/{rel}","templated":true}]}}